1 + 0)?
3, 13
Let m(u) = -794*u + 10920. List the prime factors of m(-26).
2, 13, 607
Suppose -3*l + j + 15 = 0, -4*l - l + j + 23 = 0. Let k be (l - (-1 + -35))/(-1 - -2). Suppose -x + k = 1. What are the prime factors of x?
3, 13
Let d = -4932 + 7873. What are the prime factors of d?
17, 173
Let t be (-1 - 3) + 264 + 1 + 0. Suppose -1674 = -9*y - t. List the prime factors of (-2)/(y/(-39) - -4).
2, 3, 13
What are the prime factors of (-9601)/((-2 - 2) + 704/192)?
3, 9601
Let x be (-60)/15 + 1*9. Suppose -x*c + 67 = -38. Suppose -39 = -3*w + c. What are the prime factors of w?
2, 5
List the prime factors of -11 + -10 + 101335/13.
2, 13, 23
Suppose -3*z - 6 = -2*k - 14, -3*z = -4*k - 10. Let q(c) = 461*c**2 + 7*c - 14. What are the prime factors of q(z)?
2, 461
Suppose -u + 5*q + 26184 = 0, -4*u + 5*q + 63274 = -41327. List the prime factors of u.
3, 8713
Let h(w) = w**2 - 10*w + 19. Let z be h(9). What are the prime factors of z*1505/30 + 6/(-9)?
3, 167
What are the prime factors of 7670*4*-6*(-4)/120?
2, 13, 59
Let t = 970 + 232. Suppose -35*f - t = -37*f. List the prime factors of f.
601
Suppose -3*k - 243 = -258. Suppose 4*w = -k*j + 1074, -2*j - j = 3*w - 804. List the prime factors of w.
2, 7, 19
Suppose -2*i = -i - 2. Suppose 141 = i*b - 419. Let d = b + -189. List the prime factors of d.
7, 13
Let z = -844 + 11621. List the prime factors of z.
13, 829
Let j(m) = 16*m**2 + 28*m + 1434. What are the prime factors of j(-26)?
2, 7, 823
Let b(w) = 12*w**2 + 5*w - w - 8*w + 5*w + 9. List the prime factors of b(-6).
3, 5, 29
What are the prime factors of (-4 - -88226)*(-12 + (-25)/(-2))?
44111
Let x(i) be the third derivative of -65*i**4/24 - 7*i**3 + 46*i**2. Let k be x(-4). Suppose -k = -s + 4*h, 8*h = 3*h - 15. List the prime factors of s.
2, 103
Suppose b = -8 + 13. Suppose 4*t - b*l - 155 = -t, -4 = -4*l. Let r = t - 2. List the prime factors of r.
2, 3, 5
Suppose -4*s - 6182 + 498 = 0. Let r = -895 - s. List the prime factors of r.
2, 263
Let r(l) = 4*l**3 + 6*l**2 - l - 9. Let t(h) = -3*h**3 - 4*h**2 + h + 6. Let a(g) = 5*r(g) + 8*t(g). List the prime factors of a(-3).
2, 3, 7
Let m = 1618 - 3198. Let t = -1039 - m. List the prime factors of t.
541
Let t(q) = 22*q + 54*q + 100*q**2 + 11 + 31 - 100*q. List the prime factors of t(2).
2, 197
Let q = -89 + 92. Suppose -60 = -y + q*j, 4*y - 3*j - 179 = 34. List the prime factors of y.
3, 17
Suppose 8*d - 66 = 6. Suppose -12*v + d*v = -2112. List the prime factors of v.
2, 11
Let d(l) = 6894*l + 272. What are the prime factors of d(2)?
2, 5, 19, 37
List the prime factors of 1097 + 4 - (-2 - -17 - 7).
1093
List the prime factors of (23/(-7) - 0) + 3 + (-17991202)/(-238).
7, 10799
Let h(x) = -x**3 - 27*x**2 - 25*x + 18. Let l be h(-26). List the prime factors of 42/l*(1 + 455)/(-6).
3, 7, 19
Let d(j) = 1249*j - 2. Let w be d(-1). Let l = w + 1764. Suppose -11*y + l = -411. List the prime factors of y.
2, 3, 7
Let v(p) = -3*p**3 + 7*p**2 + 9*p + 133. Let w = 789 + -796. List the prime factors of v(w).
2, 7, 103
Let n(c) = 1779*c**2 + 847*c - 3. What are the prime factors of n(-4)?
25073
Suppose 8*p = 10*n - 5*n - 5559, 3*p - 5471 = -5*n. List the prime factors of n.
7, 157
Let g = -51621 + 102873. List the prime factors of g.
2, 3, 4271
Let k(w) = -2*w**2 + 5*w**2 + 2*w - 3*w - 4. Let i = -760 - -756. List the prime factors of k(i).
2, 3
Let n(i) = 22822*i - 1307. List the prime factors of n(3).
239, 281
Let b be (-480010)/92*(-4)/10. Suppose -s + x + 517 - 105 = 0, 4*x - b = -5*s. What are the prime factors of s?
5, 83
Suppose 57*l = 53*l - 4*n + 28880, 2*n - 12 = 0. What are the prime factors of l?
2, 3607
Let x be (6/7)/((-12)/(-56)). Suppose -2*i + 5*d + 271 = -792, x*d = -5*i + 2674. List the prime factors of i.
2, 3, 89
Suppose -107723 = 100*a - 111*a. List the prime factors of a.
7, 1399
Let p = 151 - -1508. What are the prime factors of p?
3, 7, 79
Let d = 736 - 192. Suppose 0 = 6*i - d - 308. List the prime factors of i.
2, 71
What are the prime factors of (44 + -398)*32/(-6)?
2, 59
Let y be 8/44 - (-196)/11. Let f(r) = 2*r - 26. Let w be f(y). Suppose 234 = -7*l + w*l. What are the prime factors of l?
2, 3, 13
Let p = 141 - 137. Suppose -4*k + 3*k - 3*z = -316, 0 = -p*k + 2*z + 1236. What are the prime factors of k?
2, 5, 31
Let p = -737 - -551. Suppose 3*l - 6*l + 1479 = 0. Let n = p + l. List the prime factors of n.
307
Suppose o + 2*h = 5*h + 779, 3156 = 4*o - 4*h. Let g = o + -504. List the prime factors of g.
2, 5, 29
Suppose t = 7, -4*y - t + 60982 = t. List the prime factors of y.
2, 7621
Suppose 23319 + 43043 = 19*z - 109958. List the prime factors of z.
2, 5, 29
Suppose 0 = 14*b + 24084 - 63256. Let h = b + -1377. List the prime factors of h.
7, 29
Let z = -99 + 104. Let a(l) = 3*l**2 - 7*l - 19. Let h be a(z). Let v = 140 + h. List the prime factors of v.
7, 23
Let g(q) = -q**3 + 11*q**2 + 3*q + 35. Suppose 3*o - 22 = -2*r, -4*r + 52 - 8 = 2*o. Let i be g(r). Let f = -55 + i. List the prime factors of f.
13
Suppose 135*d - 136*d = 328. List the prime factors of 2706/d*104/(-3).
2, 11, 13
List the prime factors of (-36 + -18747)*-4*3*4/72.
2, 3, 2087
Suppose -254*p + 252*p + 520 = 0. Let y be 4/10 + (-2)/5. Suppose -p = -5*d - n, -d - 2*d - 4*n + 156 = y. What are the prime factors of d?
2, 13
Let v be 46*-3*2*20/8. Let u = -356 - v. What are the prime factors of u?
2, 167
List the prime factors of (10 - 9)/(3*1/17511).
13, 449
Let t = 935 + 835. Suppose 11*w - 8*w - t = 0. List the prime factors of w.
2, 5, 59
Let v = -35760 - -55908. List the prime factors of v.
2, 3, 23, 73
Suppose -3*l - 63 = -2*f - 4*l, -f - 3*l = -39. Let s be f*(0 + (4 - -1) + -4). List the prime factors of (56/8)/(1/s).
2, 3, 5, 7
Suppose 64 - 23 = s. Let o = 44 - s. Suppose -3*h + 577 = o*p - p, 0 = 3*p + 5*h - 866. What are the prime factors of p?
7, 41
Suppose 10 = 2*d + u - 2*u, -3*d + 2*u = -15. List the prime factors of 65*4/4 + 3 - d.
3, 7
Suppose 7*g + 7 + 105 = 0. What are the prime factors of (8/g)/(3/(-3036)*2)?
11, 23
Suppose -3*r = -4*w + 50637, -2495*w - 4*r - 50632 = -2499*w. List the prime factors of w.
3, 7, 67
Let k = 52 - 50. Let y(q) = -23*q + 7. Let x be y(k). What are the prime factors of (-4 + x/(-9))*30?
2, 5
Let t = -17690 + 19745. What are the prime factors of t?
3, 5, 137
Let t(o) = -o**2 + 16*o - 14. Let r be t(15). Let z be ((-111)/15 - r)/((-2)/165). Suppose -z - 359 = -4*l. What are the prime factors of l?
263
Suppose -35*b - 10*b + 416766 = -3*b. What are the prime factors of b?
9923
Suppose 0 = 511*m - 480*m - 420174. List the prime factors of m.
2, 3, 251
Suppose 0 = 5*r + 5*w + 30, -4*w - w = 4*r + 28. What are the prime factors of -3 - (3921/(-6) - r/(-4))?
3, 7, 31
Suppose 5*g - 7*g = 2*y - 2, -y - 2*g = -2. Suppose y = k + 10*k - 5148. What are the prime factors of k?
2, 3, 13
Let t(z) = 22*z + 34*z - 781 + 795 - 10*z. What are the prime factors of t(9)?
2, 107
Let y(g) = -5*g**2 - g + 1. Let n(m) = -8*m**2 - 15*m + 4. Let b(x) = n(x) - 5*y(x). What are the prime factors of b(5)?
2, 11, 17
Suppose -4*h - 5*l = -178693, 5*l + 178763 = 65*h - 61*h. What are the prime factors of h?
2, 3, 11, 677
Let b(d) = 2*d**3 - 2*d**2 + 2. Let i be b(2). Let v be (i/(-20) - 1/2) + 102. Let m = v + -76. What are the prime factors of m?
5
Suppose -500 = -11*p - 9*p. Suppose -24*f + p*f = 337. What are the prime factors of f?
337
Let a = 5262 + -1952. What are the prime factors of a?
2, 5, 331
Suppose 14024*y - 14002*y - 359458 = 0. List the prime factors of y.
16339
Suppose d - 6*d = 30. Let m(p) = 2*p - 14. Let q be m(6). List the prime factors of (261/d)/(q/4).
3, 29
Let h = -133 - -133. Suppose h = 33*l - 28*l - 2260. List the prime factors of l.
2, 113
Suppose m + 2*a = 3104, 6*m + 3122 = 7*m - a. List the prime factors of m.
2, 19, 41
Let a(i) = 115*i**2 - 12 + 8*i + 9*i - 45*i**2. What are the prime factors of a(4)?
2, 3, 7
Suppose 6903*g - 6907*g + 17136 = 0. List the prime factors of g.
2, 3, 7, 17
Suppose 20617 = -2*w - 4*z + 176297, -4*w - 2*z = -311414. What are the prime factors of w?
2, 11, 3539
Let f(d) = 6*d**2 + 308*d - 107. What are the prime factors of f(-127)?
13, 19, 233
Let c(w) = -w**3 - 41*w**2 + 30*w + 267. What are the prime factors of c(-45)?
3, 2339
